What is the greatest common factor of z and 232?
58
Suppose -3*u + 258 - 32 = -5*g, 3*u - g - 254 = 0. What is the highest common divisor of u and 168?
3
Suppose 23*g + 12*g - 7*g - 39004 = 0. Calculate the highest common factor of g and 42.
7
Suppose -2*x + 6*l = 8*l - 2044, 0 = -3*x - 5*l + 3078. What is the greatest common factor of 32 and x?
8
Let a = 754 - 339. Calculate the highest common divisor of 100 and a.
5
Let x = -336 - -353. Let w(r) = r**2 - 9*r - 44. Let a be w(x). Calculate the greatest common factor of 322 and a.
46
Let q = 398 + -74. Calculate the highest common divisor of q and 8.
4
Let w(s) = s**3 + 5*s**2 - 2*s + 6. Let x = -559 + 556. Let n be w(x). What is the greatest common divisor of 250 and n?
10
Suppose -6*q + 215 - 65 = 0. Suppose 0 = q*c - 21*c - 60. Suppose -c = 19*j - 20*j. Calculate the highest common divisor of 75 and j.
15
Let m be (-3 + -2 - -12)*(0 - (-68)/28). Calculate the greatest common divisor of 1343 and m.
17
Let h(p) be the first derivative of -p**4/4 + 19*p**3/3 + 21*p**2/2 - 6*p + 23. Let v be h(20). Calculate the greatest common divisor of 266 and v.
14
Suppose 3*o - 12027 + 336 = f, 7795 = 2*o - f. What is the greatest common divisor of 8 and o?
8
Suppose -10*q + 6*q + 120 = 0. Suppose -29*w = -q*w + 12. Suppose -4*s = -5*d - 6, 0*s = -4*s + 2*d + w. What is the highest common divisor of 10 and s?
2
Let u = 761 - 437. Let l = 14 - 6. Suppose -l*v = -4*v - 144. What is the greatest common divisor of v and u?
36
Let s(l) = -142*l - 25. Let n be s(-7). Let i = -6380 + 6431. Calculate the highest common factor of n and i.
51
Suppose -40 = -2*t - 6*t. Suppose k + t = 2*k. Suppose 0 = -0*g + 5*g + k*x - 30, 12 = 2*g + 4*x. What is the greatest common factor of g and 42?
6
Let z(p) = 125*p**3 + p**2 - 2*p - 4. Let a be z(2). Suppose -10*x + a = 2*s - 6*x, 4*s - 3*x = 2003. Calculate the highest common divisor of s and 50.
50
Let b be (-3 + 25)*(-1)/(-1). Let o be 195 + 1 + 11*16/88. Calculate the greatest common divisor of b and o.
22
Let v(w) = -3*w**3 - 69*w**2 - 7*w + 26. Let a be v(-23). What is the highest common factor of a and 407?
11
Let d = 123 - 122. Let g be (48/(-3))/(d/(-10)). Calculate the highest common divisor of g and 32.
32
Let g = -105 - -343. Let h(c) = c**2 - 25*c - 82. Let d be ((-4)/2)/(2/(-29)). Let n be h(d). Calculate the greatest common divisor of g and n.
34
Let c(b) be the second derivative of -7*b + 3/2*b**2 + 0 - 4/3*b**3 + 5/6*b**4 + 1/20*b**5. Let g be c(-5). What is the greatest common divisor of 24 and g?
24
Suppose 1635965*f = 1635932*f + 17325. Suppose 0 = -k + 2*k - 21. What is the greatest common divisor of f and k?
21
Let r(o) = 321*o + 303. Let n be r(1). What is the greatest common divisor of 195 and n?
39
Suppose 219106 - 613592 = -57*g + 928484. What is the greatest common factor of g and 110?
110
Let s be -3*(-35)/(-15)*-5. Suppose -2*i + 203 = s. Calculate the highest common factor of i and 12.
12
Let n(t) = 12*t - 245. Let c be n(63). Calculate the highest common factor of c and 7.
7
Let t(p) = 21*p**2 + 3*p - 3. Let k be t(-5). Let j = k + -291. Let v be -24*(-2 - -1) + 3. What is the greatest common factor of v and j?
27
Let l be (6/(-4))/(4/(-24)). Suppose -11*t + 3442 = -298. Suppose -t = -4*w + 20. Calculate the highest common factor of l and w.
9
Let x = -50 - -52. Suppose 3*n - 6 = x*n. Suppose 0 = -4*c + n*c - 32. What is the greatest common divisor of 8 and c?
8
Suppose -11160 = -122*m + 22390. Calculate the highest common divisor of 605 and m.
55
Let f = 414 - 1103. Let h = -678 - f. Calculate the greatest common factor of h and 11.
11
Suppose -2*h - 3 = -87. Calculate the highest common divisor of h and 441.
21
Let a be (-3)/(((-12)/(-2538))/(6/(-9))). Let s = 523 - a. Calculate the greatest common factor of s and 10.
10
Let b(d) = -d**3 - 6*d**2 + 4*d - 9. Let g be b(-7). Let t(s) = -g + 5*s - 5 - 3*s - 5*s. Let f be t(-9). Calculate the greatest common factor of f and 40.
10
Let m = -16 + 30. Let w be (17/187*55)/(3 + (-111)/42). Calculate the greatest common divisor of m and w.
14
Let j be ((-15)/(-6))/(23/((-736)/(-16))). Let u be (-8)/(-5) - (-4)/10. Calculate the highest common divisor of u and j.
1
Let v be 6/(-69) - (-1 - 15/((-3105)/(-87786))). Calculate the highest common divisor of 34 and v.
17
Let s(i) = 4*i**2 - 21*i + 7. Let x be s(5). Suppose -x*h = -122 - 74. What is the highest common divisor of h and 112?
14
Suppose -3*n = 5*d + 808, 4*n + d + 690 = -359. Let c = n + 667. Calculate the greatest common divisor of 7 and c.
7
Suppose 99*d = 94*d + 5*g + 605, 242 = 2*d - 5*g. Calculate the greatest common divisor of d and 737.
11
Let g(y) = -40*y**2 + 808*y - 8. Let i be g(18). What is the highest common divisor of i and 40?
8
Suppose 1659*m = 1652*m + 126. Calculate the highest common divisor of m and 9216.
18
Suppose -15*b = -10*b + 65. Let l = b - -16. Suppose 4*h = l*h + 15. What is the greatest common factor of h and 75?
15
Let l be 64/(-320) + -737*4/10. Let m = -285 - l. Calculate the greatest common factor of m and 25.
5
Let d be (-144)/(-240) + (548/20 - 2*-1). Suppose -3*j + 0*t + 145 = -5*t, j + t = 51. What is the highest common factor of j and d?
10
Let t(o) = 19*o**2 - 125*o + 664. Let c be t(6). Calculate the greatest common factor of c and 2162.
46
Suppose -n + 80*g - 84*g + 220 = 0, 2*n - 461 = -g. Calculate the highest common divisor of n and 24.
8
Suppose -3*v + 19 = z, -5*v - 47 = -2*z - 64. Calculate the highest common factor of 256 and z.
4
Suppose 2*s = -x + 5050, 0 = -33*x + 35*x + 2*s - 10088. What is the greatest common factor of x and 22?
22
Suppose -12*j = 4*l - 16*j + 4, 0 = -4*l + 5*j - 8. Calculate the highest common factor of l and 89.
1
Let t(c) = 3*c + 3. Suppose 4*m = 3*m + 5. Let s be t(m). Suppose -85*n + 92*n = 630. Calculate the greatest common divisor of s and n.
18
Suppose -1319 = -17*s + 2200. Suppose -25*o = -443 - s. Calculate the greatest common divisor of 117 and o.
13
Let h(x) = 4*x - 58. Let n be h(15). Suppose n*g - 55 = 59. What is the highest common factor of 6 and g?
3
Let d(w) = -w**3 - 11*w**2 - 17*w + 27. Let x be d(-9). Let p = -43 - -45. Calculate the highest common divisor of p and x.
2
Let x(f) = -8*f - 44. Let r(s) = -5 - 3*s - 6 + s. Let c(o) = 9*r(o) - 2*x(o). Let w be c(-9). Calculate the greatest common factor of w and 49.
7
Suppose -10*b + 3483 = 173. Let n = b + -323. Calculate the greatest common divisor of n and 88.
8
Let h be (-10 - (-11 - 0))*2. What is the greatest common factor of 734 and h?
2
Let n = -107 - -113. Let v be (-4)/16*2*-8. Suppose -v*i + 18 = -22. What is the greatest common divisor of i and n?
2
Let j = 10 + -8. Let n be -3*112/(-105) - (-1)/(-5). Suppose n*o + 2*m = 125, 0 = o - j*o - 4*m + 55. Calculate the greatest common divisor of o and 78.
39
Suppose v - 1336 = -5*s - 184, 5*v = 2*s - 477. Let w be ((-58)/3 + 0)/((-12)/(-18)). Let o = w + 62. Calculate the greatest common divisor of s and o.
33
Suppose -287 + 875 = 28*a. What is the greatest common factor of a and 714?
21
Let v be -2 + (-72)/(-10) + 56/70. What is the highest common factor of v and 29?
1
Suppose -5*i + 5*w + 388 = 3*w, 5*i + 4*w - 364 = 0. Let y(k) = -25*k - 96. Let s be y(-4). Calculate the greatest common divisor of i and s.
4
Suppose 0 = 2*y + r - 35, -112*r + 111*r = 3*y - 49. What is the greatest common factor of y and 350?
14
Let y(g) = -g**3 + 8*g**2 - 7*g. Let j = -14 + 20. Let q be y(j). Let c = q + -23. Calculate the highest common factor of c and 91.
7
Let l(p) = 247*p**2 + p - 14. Let a be l(1). Calculate the greatest common factor of 576 and a.
18
Suppose -4*l = -5*l + 192. Suppose 14*z = 12*z + l. What is the greatest common divisor of 120 and z?
24
Let y(c) be the second derivative of -c**4/12 - c**3/2 + 5*c**2 - 19*c. Let t be y(-5). Let d = 7 - t. Calculate the greatest common divisor of 49 and d.
7
Let u = -63 - -147. Suppose 1746*s = -4*x + 1749*s + 81, 3*x - 2*s = 61. Calculate the highest common factor of u and x.
21
Let l(i) = -i - 32. Let z be l(23). Let s be 1/((-50)/(-1460)*(-6)/(-15)). Let d = s + z. Calculate the greatest common divisor of d and 24.
6
Suppose 6860 - 6785 = 26*x - 11235. Calculate the highest common divisor of 2030 and x.
145